).
15
Let b(q) be the third derivative of q**6/120 - q**5/20 - 31*q**4/24 + 59*q**3/6 + 5180*q**2. Determine b(2).
-7
Let l(q) = -2*q**2 - 37*q + 36. Let n be l(-19). Let a(f) = -f + 13 + 8 - n. Give a(7).
-3
Let r(b) = -b**3 - b**2 - 2*b + 1. Let m(v) = -v**2 - 26*v - 3. Let u be m(-25). Suppose -11*n = -u*n - 319. Let y = 27 + n. Calculate r(y).
9
Suppose 67 = -5*q + 2*b + 43, 0 = -q - b - 2. Let f(k) be the third derivative of 1/120*k**6 + 0 - k**2 + 0*k - 1/8*k**4 + 1/20*k**5 - 1/2*k**3. Give f(q).
-7
Suppose 6*f - 20*g - 48 = -15*g, -4*f + 18 = -g. Let p(m) = m**3 + m**2 - 2*m - 2. Give p(f).
28
Let s(d) = -d**2 - 13*d - 1. Let g(z) = -256*z - 12. Let x be g(0). What is s(x)?
11
Let m(j) = -j**3 - 4*j**2 - j + 2. Suppose 5*l = -0*l + 30. Let n be (-12 + 2)*l/(-12). Suppose -n = -5*p + 5*w, p - 8*w = -5*w + 11. What is m(p)?
6
Let i(d) = 24*d - 72*d + 24*d - 10 + 25*d. Suppose 7*m - 8 = 8*m. What is i(m)?
-18
Let i(l) = -l**2 - 8*l + 16. Let n(z) = 12*z**2 + 88*z - 181. Let r(c) = -23*i(c) - 2*n(c). Calculate r(5).
9
Let r(c) = -2*c**3 - 28*c**2 + 28*c - 35. Let j(d) = -214*d - 6863. Let a be j(-32). What is r(a)?
-5
Suppose 10*r - 40 = 6*r. Let c be (r - 17) + 2/2. Let h(p) = 4*p**2 - 5*p - 6. Let v(f) = f**2. Let o(z) = -h(z) + 5*v(z). Determine o(c).
12
Suppose 10*w - 14*w = -7*w. Suppose -3*l - 12 = 4*q, w = -q - 5*l + 6 + 8. Let h(t) = -t - 6. Let g(x) = 1. Let u(f) = g(f) + h(f). Determine u(q).
1
Suppose 0 = -13*t + 3*t + 60. Let w(p) = -1. Let i(b) = -b**2 - 4*b + 9. Let k(f) = t*w(f) + i(f). What is k(-5)?
-2
Let m(v) = -25*v**2 - 3*v - 2. Suppose 4*k - 3*h + 24 = 32, 2*h = -5*k - 13. Determine m(k).
-24
Let g be 5/(-15)*0 - 0. Let n(d) = -76*d**3 + 75*d**3 + 4*d**2 + 1 + g*d - 4*d. Give n(3).
-2
Let f(y) = -4*y + 103. Suppose 0 = 2*i + 2*l + 1648 - 1708, 0 = -3*i + 2*l + 55. Determine f(i).
11
Suppose -12*d - d + 6 = -33. Let v(r) be the second derivative of r**4/4 - r**3/6 - r**2 - r. Give v(d).
22
Let j(t) = -8*t + 3*t - 115777 - 5*t + 115778. Calculate j(1).
-9
Let u(n) = 26*n - 49. Let c(p) = 77*p - 148. Let r(h) = -2*c(h) + 7*u(h). Let k be r(2). Let x(f) = f - 2. What is x(k)?
7
Let n(i) = -19*i + 9*i + i**2 + 1533 - 1525. Give n(3).
-13
Let g = -173 - -101. Let f = g + 78. Let x(j) = j - f*j + j + 5 + 8*j. Give x(-4).
-11
Let q(m) be the first derivative of -1/4*m**4 - m**2 + 4*m**3 + 88 + 16*m. What is q(12)?
-8
Let o(f) = -38*f**3 + 112*f**3 - 6*f**2 + 3 - 36*f**3 - 190*f + 191*f - 35*f**3. Give o(2).
5
Suppose -96*l = -97*l + 9. Let y be (42/(-9))/(6/l). Let f(c) = -5*c - 6. Let m(j) = 21*j + 23. Let n(g) = -9*f(g) - 2*m(g). What is n(y)?
-13
Suppose 0 = -11*b + b + 60. Let s(g) = -13*g**2 + 10*g + 9. Let c(o) = 7*o**2 - 5*o - 4. Let v(n) = b*s(n) + 11*c(n). Determine v(6).
4
Let v(g) = -9*g**3 - 67*g**2 + 40*g + 23. Let y(d) = -2*d**3 - 16*d**2 + 10*d + 6. Let m(u) = -3*v(u) + 13*y(u). Calculate m(5).
9
Let n(i) be the first derivative of 5*i**2/2 - 46*i - 1008. What is n(12)?
14
Let s(r) = r**2 - 3*r - 5. Let g = -124 - -118. Let l be (8 - (-45)/g)*(-18)/(-3). Calculate s(l).
-5
Let c(z) = -z**2 + 3. Let j(n) = -10*n**2 + 9. Let p(h) = 3*c(h) - j(h). Let x = -4 + 3. Calculate p(x).
7
Suppose -227 + 173 = -6*x. Let o(n) = n**3 - 9*n**2 + 3*n + 12. Calculate o(x).
39
Let h(b) = 5*b**2 - 13*b + 9. Let r(s) = -3*s**2 + 7*s - 5. Let g(f) = 4*h(f) + 7*r(f). Suppose 0 = -2*m + 2*i - 22, 3*m - 4*i + 200 = 161. Give g(m).
-9
Let z(b) = 11 + 21*b + 403028*b**2 - 201515*b**2 - 201515*b**2. Give z(9).
38
Let l(m) = m**3 - 4*m**2 - 2*m + 9. Let s(i) = 6*i**3 - 24*i**2 - 12*i + 54. Let r(j) = 13*l(j) - 2*s(j). Give r(4).
1
Let k(y) = -16*y + 22. Let i = -5542 + 5546. Calculate k(i).
-42
Let n(g) = -10*g - 5. Let z(j) = j**2 + 89*j + 1980. Let l be z(-45). Calculate n(l).
-5
Let p(l) = -l**3 + 6*l**2 - 10*l + 15. Let x = 5411 + -5408. Calculate p(x).
12
Let f(a) = -4*a - 98. Let y be -56 + 36 + (8 - -1) + -1. Calculate f(y).
-50
Let o(q) = 8*q**3 + 656*q**2 + 2. Let v be o(-82). Let w(m) be the third derivative of 0*m - 1/3*m**3 - 1/8*m**4 + 0 + m**2 + 1/60*m**5. What is w(v)?
-4
Let h(n) = 64*n + 36. Let f(t) = 23*t + 10. Let k(r) = -11*f(r) + 4*h(r). What is k(-22)?
-32
Let u(j) = -j**3 + 2*j**2 + 3*j + 4. Suppose 38 = -m + 3*y - 5*y, 2*m - 4*y + 68 = 0. Let t = 57 + m. Suppose -t = -16*i + 9*i. Determine u(i).
4
Let l be (-24)/(-14) - 36/(-126). Let p(m) = 0*m + l - 2*m - 4. Suppose 5*o - 2*h = 0, -o + 0*o - 3*h = 17. Calculate p(o).
2
Let b(w) = -8*w**3 + w - 1. Let d be (-12)/(-28)*1 - (-2887)/(-7). Let a = d - -413. Calculate b(a).
-8
Let a(n) be the first derivative of -1/4*n**4 + 15/2*n**2 - 56 - 13*n + 4*n**3. What is a(13)?
13
Let u be ((-12)/(-21))/(30/105). Let b(t) = 1 + t - t + u*t. Calculate b(-1).
-1
Let s(f) = 2*f**3 - 57*f**2 + 34*f + 13. Let o be s(28). Let w(r) = -o*r - 1 + 97*r + 88*r. What is w(2)?
7
Let y(j) = 8*j + 43. Suppose 50*a = -1562 + 1212. What is y(a)?
-13
Suppose -2*g + 3*p = 39, -2*g - 602*p = -606*p + 48. Let m(r) = -r**2 + 2*r - 27. Give m(g).
-75
Let h(t) = 8*t**3 - t**2 + 19*t - 18. Let y(l) = 21*l**3 - 5*l**2 + 56*l - 53. Let w(a) = 8*h(a) - 3*y(a). Determine w(-9).
-3
Let w(v) = -v**2 + 8*v - 13. Let i be w(5). Suppose i*j = -6 - 14. Let t be (1 + 4)/(3 - j/(-4)). Let u(g) = -g**2 + 10*g - 7. Calculate u(t).
-7
Let u(b) = b + 1. Suppose 26*w - 34*w + 16 = 0. Suppose -4*r = -4*h + 12 - 0, -r - 3 = -w*h. Determine u(r).
-2
Let h(q) be the second derivative of 5*q**3/6 + 5*q. Let i be h(4). Let o(v) = -2*v + 0*v - 53 + 27 + i. Give o(-4).
2
Let x(q) = -54 + 140*q + 126 - 99*q - 48. Determine x(-1).
-17
Let k(l) be the second derivative of l**4/12 + 3*l**3/2 + 8*l**2 + 846*l. What is k(-3)?
-2
Let k(m) be the third derivative of -m**6/360 + m**5/60 - m**4/24 - 287*m**3/6 - 285*m**2. Let g(z) be the first derivative of k(z). What is g(3)?
-4
Let a(n) = 5*n**2 - 16*n + 11. Let s(x) = -x**2 - 18*x - 4. Let i(u) = 5*u + 1. Let t(z) = -4*i(z) - s(z). Let m(r) = a(r) - 6*t(r). Give m(-5).
6
Let s be 2/5 + (-24)/10 + 5. Let a(z) = -z**3 + z**2 + 5*z**2 - 3 + 5*z + 2*z**s + 1. Suppose 0 = -3*t - 0 - 15. Determine a(t).
-2
Let u = -21 - -73. Let l = -87 + u. Let v be (-2)/7 + (-115)/l. Let q(n) = -8*n + 4. Determine q(v).
-20
Let s(v) = -13*v**2 - 14*v**2 - 135*v - 14 + 132*v + 35*v**2. What is s(-3)?
67
Let h(r) = -5 + 5 + 66950*r - 66954*r. Give h(-4).
16
Let l(t) be the second derivative of t**4/12 - 2*t**3 + 3*t**2/2 - 8*t + 9. What is l(13)?
16
Let r(z) be the third derivative of -z**4/24 - 19*z**3/6 - 1860*z**2. What is r(-18)?
-1
Let q = -188 - -183. Let v(z) = -z**2 + 6*z - 6. Give v(q).
-61
Suppose -10*k + 6 = 26. Let w(b) be the first derivative of b**3/6 - b**2 - b + 4. Let q(t) be the first derivative of w(t). Determine q(k).
-4
Suppose 0 = 84*a - 5184 + 6192. Let s(l) = -5*l - 19. Calculate s(a).
41
Let u(g) = -g**3 - 4*g**2 + 6*g + 6. Let r = -42 - -25. Suppose 0 = 2*z + 5*x + 59, 74 = -2*z - 3*x + 21. Let w = z - r. Determine u(w).
1
Let a(m) = 2*m**2 + 2*m. Let q(u) = -3*u**2 - 3*u + 1. Suppose 0 = -6*z + 2*z - 16. Let h(k) = z*q(k) - 5*a(k). Let c be 0/16 - (2 - -2). Calculate h(c).
20
Suppose -2 = 14*h - 30. Let j(b) = 22241 + h*b - 22241. Calculate j(1).
2
Let x = 16707 - 16704. Let o(d) = d**2 - 5*d - 1. Calculate o(x).
-7
Let g(k) = 9 - 19 + 11 - 5*k**2. Suppose 0 = -4*h + 2*q - 78 + 68, -4*h = -3*q + 13. What is g(h)?
-4
Let h be 12 + 9*((-55)/15)/11. Let a(y) = -5*y - 3. Give a(h).
-48
Let p(i) = i**3 - 13*i**2 - 41*i + 178. Let v be p(15). Let l(k) be the first derivative of 0*k + v + 7/2*k**2. Give l(1).
7
Suppose c + 2*c = -36. Let g(a) be the third derivative of a**5/60 + 13*a**4/24 + 7*a**3/3 - 248*a**2 + 2*a. What is g(c)?
2
Let c be (3 + 3 + -7 - -364) + 4. Let o = c - 364. Let d(h) = -h. Let f(w) = 3*w - 2. Let s(m) = 4*d(m) + f(m). Give s(o).
-5
Let f(q) be the second derivative of -3*q**5/20 + q**4/4 + q**3/6 - 97*q + 5. Suppose -11*d + 2*d - 18 = 0. Calculate f(d).
34
Let i(y) be the second derivative of -y**4/12 - 2*y**3/3 + 13*y**2/2 + 1061*y. Give i(-6).
1
Let d(s) = s**3 + 3*s - 1. Let q(j) = 7*j**3 + 6*j**2 + 25*j - 1. Let g(l) = 6*d(l) - q(l). Calculate g(-3).
-11
Let j(o) be the third derivative of -o**6/120 - 4*o**5/15 - o**4/12 - 4*o**3 + 1389*o**2. Give j(-